hat are the prime factors of 252746?
2, 13, 9721
List the prime factors of 2956843.
109, 27127
List the prime factors of 264963.
3, 88321
List the prime factors of 13152068.
2, 547, 6011
What are the prime factors of 541292?
2, 131, 1033
List the prime factors of 191485.
5, 7, 5471
List the prime factors of 5424991.
11, 13, 59, 643
What are the prime factors of 949939?
949939
List the prime factors of 4092865.
5, 7, 337, 347
List the prime factors of 2562111.
3, 47, 673
List the prime factors of 6818063.
7, 974009
List the prime factors of 341002.
2, 53, 3217
What are the prime factors of 6640333?
7, 29, 4673
List the prime factors of 1097679.
3, 11, 29, 31, 37
What are the prime factors of 27941177?
11, 1567, 1621
What are the prime factors of 9838586?
2, 769, 6397
What are the prime factors of 194100?
2, 3, 5, 647
What are the prime factors of 1448246?
2, 724123
List the prime factors of 37405.
5, 7481
What are the prime factors of 484441?
37, 13093
What are the prime factors of 5873014?
2, 7, 19, 22079
What are the prime factors of 115936?
2, 3623
What are the prime factors of 494934?
2, 3, 11, 7499
What are the prime factors of 644030?
2, 5, 64403
What are the prime factors of 8394180?
2, 3, 5, 31, 4513
What are the prime factors of 560006?
2, 19, 14737
What are the prime factors of 1185919?
7, 191, 887
What are the prime factors of 14061634?
2, 19, 509, 727
List the prime factors of 24837956.
2, 11, 13, 173, 251
List the prime factors of 5907240.
2, 3, 5, 61, 269
What are the prime factors of 6152?
2, 769
List the prime factors of 54625.
5, 19, 23
What are the prime factors of 186487?
7, 26641
What are the prime factors of 150869?
150869
List the prime factors of 422289.
3, 7, 6703
List the prime factors of 36011356.
2, 9002839
List the prime factors of 439572.
2, 3, 7, 5233
What are the prime factors of 1190370?
2, 3, 5, 39679
List the prime factors of 767268.
2, 3, 21313
List the prime factors of 95714.
2, 47857
List the prime factors of 2168210.
2, 5, 11, 23, 857
What are the prime factors of 10906931?
7, 19, 82007
List the prime factors of 944983.
13, 157, 463
List the prime factors of 4009860.
2, 3, 5, 22277
What are the prime factors of 2128492?
2, 337, 1579
What are the prime factors of 783561?
3, 107, 2441
What are the prime factors of 3966920?
2, 5, 99173
List the prime factors of 134339.
134339
List the prime factors of 673660.
2, 5, 13, 2591
What are the prime factors of 483694?
2, 241847
What are the prime factors of 4436101?
19, 29, 83, 97
What are the prime factors of 350411?
350411
What are the prime factors of 690407?
690407
List the prime factors of 938697.
3, 312899
List the prime factors of 6003732.
2, 3, 7, 71473
What are the prime factors of 695126?
2, 347563
What are the prime factors of 16201521?
3, 7, 229, 1123
List the prime factors of 1055361.
3, 61, 73, 79
List the prime factors of 3569811.
3, 7, 169991
List the prime factors of 273954.
2, 3, 45659
List the prime factors of 1690720.
2, 5, 10567
What are the prime factors of 309260?
2, 5, 7, 47
List the prime factors of 13150344.
2, 3, 367, 1493
List the prime factors of 10122907.
47, 215381
What are the prime factors of 13681748?
2, 19, 180023
List the prime factors of 184701.
3, 11, 29, 193
What are the prime factors of 17223063?
3, 11, 13, 19, 2113
What are the prime factors of 266120?
2, 5, 6653
List the prime factors of 224714.
2, 7, 2293
List the prime factors of 3111830.
2, 5, 311183
What are the prime factors of 4666533?
3, 19, 81869
What are the prime factors of 16148633?
16148633
List the prime factors of 17439233.
7, 71, 35089
What are the prime factors of 2738752?
2, 42793
List the prime factors of 6969043.
139, 181, 277
List the prime factors of 1080060.
2, 3, 5, 47, 383
What are the prime factors of 76700?
2, 5, 13, 59
List the prime factors of 1815268.
2, 7, 13, 4987
List the prime factors of 4735866.
2, 3, 789311
What are the prime factors of 8380847?
17, 421, 1171
What are the prime factors of 99006?
2, 3, 29, 569
List the prime factors of 32780.
2, 5, 11, 149
List the prime factors of 53795.
5, 7, 29, 53
What are the prime factors of 324746?
2, 397, 409
What are the prime factors of 3573220?
2, 5, 7, 25523
What are the prime factors of 799445?
5, 281, 569
List the prime factors of 2921104.
2, 79, 2311
List the prime factors of 213477.
3, 11, 6469
What are the prime factors of 54294?
2, 3, 9049
What are the prime factors of 279683?
37, 7559
List the prime factors of 1503421.
37, 179, 227
List the prime factors of 425414.
2, 11, 61, 317
What are the prime factors of 10086914?
2, 5043457
What are the prime factors of 506943?
3, 23, 31, 79
What are the prime factors of 32877?
3, 13, 281
List the prime factors of 451709.
451709
What are the prime factors of 257425?
5, 7, 1471
What are the prime factors of 653745?
3, 5, 41, 1063
List the prime factors of 195118.
2, 7, 11, 181
What are the prime factors of 3781089?
3, 13, 17, 1901
List the prime factors of 164682.
2, 3, 7, 1307
List the prime factors of 233974.
2, 13, 8999
List the prime factors of 2670661.
7, 381523
List the prime factors of 807393.
3, 269131
What are the prime factors of 474699?
3, 158233
What are the prime factors of 760327?
89, 8543
What are the prime factors of 2526525?
3, 5, 19, 197
What are the prime factors of 1252777?
1252777
List the prime factors of 36062.
2, 13, 19, 73
What are the prime factors of 2849130?
2, 3, 5, 31657
What are the prime factors of 827891?
137, 6043
What are the prime factors of 3296717?
233, 14149
What are the prime factors of 112048?
2, 47, 149
What are the prime factors of 36061155?
3, 5, 13, 61643
List the prime factors of 864631.
864631
List the prime factors of 712849.
29, 47, 523
List the prime factors of 2238804.
2, 3, 62189
List the prime factors of 3175172.
2, 7, 11, 13, 61
What are the prime factors of 197561?
7, 13, 167
List the prime factors of 14892289.
17, 876017
List the prime factors of 2619494.
2, 1309747
What are the prime factors of 370076?
2, 7, 13217
List the prime factors of 158860.
2, 5, 13, 47
What are the prime factors of 6047857?
6047857
What are the prime factors of 198800?
2, 5, 7, 71
List the prime factors of 7757231.
7757231
What are the prime factors of 375414?
2, 3, 13, 4813
List the prime factors of 91282.
2, 45641
List the prime factors of 18305682.
2, 3, 3050947
List the prime factors of 137524.
2, 34381
List the prime factors of 4459326.
2, 3, 743221
What are the prime factors of 136245?
3, 5, 31, 293
What are the prime factors of 728021?
7, 104003
List the prime factors of 4480102.
2, 11, 203641
List the prime factors of 115124.
2, 17, 1693
List the prime factors of 129983.
7, 31, 599
What are the prime factors of 53907?
3, 7, 17, 151
List the prime factors of 1867183.
1867183
List the prime factors of 1953992.
2, 31, 7879
What are the prime factors of 24563998?
2, 19, 646421
List the prime factors of 90244.
2, 7, 11, 293
What are the prime factors of 15126123?
3, 151, 33391
List the prime factors of 224324.
2, 56081
List the prime factors of 6361.
6361
List the prime factors of 870325.
5, 31, 1123
List the prime factors of 703220.
2, 5, 7, 5023
List the prime factors of 2885233.
13, 221941
What are the prime factors of 91047?
3, 11, 31, 89
What are the prime factors of 198131?
239, 829
What are the prime factors of 1344934?
2, 19, 35393
List the prime factors of 3464732.
2, 866183
What are the prime factors of 730044?
2, 3, 7, 2897
What are the prime factors of 34403208?
2, 3, 7, 204781
What are the prime factors of 420949?
31, 37, 367
What are the prime factors of 33831318?
2, 3, 211, 26723
List the prime factors of 11409656.
2, 23, 59, 1051
What are the prime factors of 57589?
7, 19, 433
List the prime factors of 997373.
13, 17, 4513
List the prime factors of 222465.
3, 5, 14831
What are the prime factors of 6746184?
2, 3, 43, 2179
What are the prime factors of 8093859?
3, 2697953
What are the prime factors of 147707?
7, 21101
List the prime factors of 238777.
7, 11, 443
What are the prime factors of 268341?
3, 23, 3889
List the prime factors of 462633.
3, 154211
List the prime factors of 1011313.
17, 19, 31, 101
List the prime factors of 449054.
2, 224527
List the prime factors of 1946147.
7, 41, 6781
List t